 - 4. Let p be v(-5). Let o = -474 + 494. What is the highest common factor of p and o?
1
Let w = -201 - -226. Suppose -g - 58 = 34. Let s = 142 + g. Calculate the greatest common factor of s and w.
25
Let w be (-81)/108 + (-4)/((-48)/4041). What is the greatest common factor of 21 and w?
21
Let m(i) be the first derivative of -3*i**2/2 - 18*i + 2. Let w be m(-13). Suppose -w = 5*b - 121. Calculate the highest common factor of b and 20.
20
Let n = 944 + -400. What is the highest common factor of n and 204?
68
Let c(a) be the first derivative of 6*a**2 + 2 + 3 + 0 + a. Let z be c(1). What is the greatest common factor of z and 65?
13
Let k = 116 - 84. What is the highest common divisor of k and 80?
16
Let p(j) = -19*j + 1. Let b be p(-3). Let h = -2 + 5. Suppose h*n - g = -0*n + b, -5*n - 5*g = -70. What is the highest common divisor of 12 and n?
6
Suppose 5*o - 6 - 4 = -5*g, 5*o + 2*g = 10. Let d be (-2)/(-4)*64/o. What is the greatest common divisor of 4 and d?
4
Suppose 2*w - 37 = -z, -2*z + 8 = -2. Suppose -5*s = -6 + w. Let p be -8*(s + 12/16). Calculate the greatest common factor of p and 90.
10
Suppose -p + 46 = -4*v, -2*p - 35 = 5*v - 114. What is the greatest common factor of 24 and p?
6
Let h = 49 + 161. What is the highest common factor of 126 and h?
42
Suppose -t - 189 = -4*t. Suppose 5*g - 15 = -5*j, -4*j - 4*g = -2*j - 12. Let i = t + j. What is the greatest common divisor of 7 and i?
7
Let m(w) = 4*w**2 + 45*w - 14. Let k be m(-16). Calculate the greatest common factor of k and 15.
5
Suppose -3*r + 20 = -r. Suppose -620 = -4*l - 180. Calculate the highest common divisor of l and r.
10
Let x(s) = 19*s + 2. Let m be x(4). Suppose 4*k - 5*b - 183 = 2*k, -k - 2*b = -m. What is the greatest common divisor of 126 and k?
42
Let z(o) = -o**3 + o**2 + 4. Let h be z(0). Let d be h/10 - (-2096)/10. Suppose -d = -a - 2*a. Calculate the greatest common factor of a and 14.
14
Let w(t) = -t**3 + 16*t**2 + 20*t - 13. Let v be w(8). Suppose l = b - 261, -5*b + l + 658 = -v. What is the greatest common divisor of 33 and b?
33
Let a be ((-1008)/(-120))/(9/30). What is the highest common divisor of a and 350?
14
Let r(g) = 9*g + 15. Let q be r(15). Suppose 0 = 15*s - 14*s - q. What is the highest common divisor of 30 and s?
30
Suppose y - 4*d - 50 = 40, -4*y - 3*d = -455. Calculate the highest common divisor of y and 30.
10
Let c = 1 + 4. Suppose -4*k - 758 = u - 4*u, -k + 1248 = c*u. Let f = u - 173. What is the greatest common divisor of f and 7?
7
Let k be (-1)/(-7) + 866/14. Calculate the greatest common factor of k and 2.
2
Let m = -792 - -984. Calculate the greatest common factor of 36 and m.
12
Suppose -5*a + 3*g = 10, g - 4 = 2*a - 2*g. Let b be 0/(a + (1 - -3)). Suppose b = v + v - 16. What is the highest common factor of 4 and v?
4
Let g(h) = 37*h**3 - 2*h + 2. Let o be g(1). What is the greatest common factor of 333 and o?
37
Let x = 4 - 4. Let t = -2 - x. Let f be -4 - -3 - (t - 4). Calculate the highest common factor of 25 and f.
5
Let j(t) = t**2 - 4*t. Let n be j(-2). Let d be (-2*n/(-9) - 4)*-12. Calculate the greatest common factor of d and 48.
16
Let g(y) = 3*y - 19. Let n be g(11). Calculate the highest common divisor of 154 and n.
14
Let f be ((-24)/5)/(4/(-70)). Let s(a) = -3*a**2 - 14*a + 4. Let n be s(-4). Calculate the greatest common factor of f and n.
12
Suppose 14 = 3*a - 22. Suppose 92*h - 134*h + 4102 = -2450. What is the highest common divisor of h and a?
12
Suppose -25 - 2 = -3*d. Suppose -2*p = -2*n - 190, -n + 499 = d*p - 4*p. What is the greatest common divisor of p and 9?
9
Let v(l) be the first derivative of -2*l**2 - 3*l - 2. Let h be v(-6). Suppose -h = -w - 12. Calculate the greatest common divisor of 3 and w.
3
Let l = 27 + -23. Let q(u) = 44*u. Let v be q(l). Calculate the highest common divisor of 44 and v.
44
Let y(r) = -r**2 - 14*r + 11. Let z be y(-9). Let d = z - 29. Calculate the greatest common divisor of 27 and d.
27
Let b be 4*2 + 0/(-16). Let k(g) = 2*g**2 - 3*g + 11. Let m be k(7). What is the highest common divisor of b and m?
8
Let a(j) = -4*j - 4. Let g(h) = -h. Let v(p) = a(p) + 6*g(p). Let b be v(-3). Let o be 3/(-6)*2 + b. What is the greatest common factor of o and 100?
25
Let n be -1 - 1/((-2)/6). Suppose 7*v = 2*v - 10*v + 150. What is the highest common factor of n and v?
2
Let m(p) = 7*p**3 - 3*p**2 - 3*p. Let x be m(3). Let n = -2753 - -2770. Calculate the highest common factor of x and n.
17
Suppose 213 = -6*o + 225. Calculate the greatest common factor of 8 and o.
2
Suppose 0 = -2*y - d + 155, 0 = 3*y - 115*d + 110*d - 200. What is the highest common factor of y and 5?
5
Let z be 13/(-65) - (-751)/5. Suppose 2*s - 29 = -5*x, 0*x + 3*x = 5*s - z. Calculate the highest common factor of s and 3.
3
Let h(u) = u + 76. Let d be h(-22). Let n = 37 + d. Suppose 50 - 11 = 3*k. Calculate the highest common factor of n and k.
13
Suppose 4*y = -14 + 26. What is the greatest common factor of y and 51?
3
Let c be 60 - (2 - 3) - -2. Let n be 162/(-126) - 2/(-7). Let u be 54/6 - (1 - n). Calculate the greatest common divisor of c and u.
7
Let l(i) = 2*i**3 - 2*i**2 + 74*i - 455. Let j be l(7). What is the greatest common divisor of 279 and j?
93
Let k = 2188 + -2093. Calculate the greatest common factor of 2945 and k.
95
Let h(j) = -154*j**3 + 2*j**2 + j. Let m be h(-1). Suppose 775 = 42*g - 6*g - 11*g. What is the greatest common factor of m and g?
31
Suppose -o = 4, -o = -5*i + 356 + 103. What is the greatest common divisor of 26 and i?
13
Let k be 8/(2 - -2) + (24 - 1). Suppose -14*s + 240 + 460 = 0. Calculate the highest common factor of s and k.
25
Let x be 333/(2/(-10)*30/(-16)). Calculate the highest common divisor of 24 and x.
24
Suppose -1 = a - 7. Let z = -143 - -173. What is the greatest common factor of a and z?
6
Suppose -121*o + 1234 + 2033 = 0. Suppose -m - 96 = -5*i + 2*m, 5*m = -3*i + 44. Calculate the highest common divisor of o and i.
9
Suppose -13*k + 14*k + 38 = 0. Let z = k + 51. What is the highest common divisor of z and 104?
13
Suppose -2*y + 2 = -3*x, 4*y + 16 = -4*x - 0. Let c be x/4*(-44)/11. Let s be 57/4 + (-2)/8. What is the highest common factor of c and s?
2
Let b(q) = q**3 + 18*q**2 + 11*q + 15. Let k be b(-17). Let p = k + -42. What is the highest common divisor of p and 15?
15
Let h be (7 + -3)/(-4)*2. Let l be (-2)/(-3)*(-9)/h. Suppose 0 = -4*k + l*g + 54, k + 4*k + 3*g = 54. Calculate the highest common factor of 60 and k.
12
Suppose -m - 884 = 4*z, -370 = 3*z - 3*m + 308. Let k be 37/z + (-1)/((-12)/290). Calculate the greatest common factor of 60 and k.
12
Suppose 0 = -5*d - 2*f - 146, 2*d - 2*f = d - 34. Let c be (d/8)/(3/(-8)). What is the greatest common divisor of c and 25?
5
Let s be ((-243)/(-135))/(2 + (-194)/100). Let q be 6/4*(1 + 1). Suppose -131 = -q*h - 2*j - 6, 5*j = -25. What is the highest common divisor of h and s?
15
Suppose 0*r - 5*f = r - 459, 3*f - 9 = 0. Let m = r - 248. What is the greatest common divisor of m and 49?
49
Let t be 36/21*420/8. Let z = -67 + t. What is the highest common divisor of z and 46?
23
Let y(k) = -2*k**3 - 11*k**2 - 7*k - 6. Let s be y(-7). Calculate the highest common factor of 30 and s.
10
Let b be ((-7)/(-2))/((-1)/(-44)). Let y = 274 + -260. Calculate the greatest common divisor of y and b.
14
Let t be ((-1276)/11)/((-8)/4). What is the greatest common divisor of 638 and t?
58
Let w(u) = -29*u - 1. Let h be w(-1). Suppose 5*q - q - h = 0. Let t = -5358 - -5414. Calculate the highest common factor of t and q.
7
Let c(o) = 0*o**3 + 90 + o**3 - 96 - 7*o**2 - 10*o. Let y be c(8). Let x be (-35)/(-11) - (-4)/y. What is the highest common factor of x and 21?
3
Let b = 314 + -292. Let v be 12/66 + 238/22. What is the greatest common divisor of v and b?
11
Let d(c) = -2*c - 2*c + 2*c + 15 + c**3. Let a be d(0). Suppose -7*z + 2*z + 525 = 0. What is the highest common divisor of z and a?
15
Let p(d) = -d**2 - 10*d - 4. Let c(a) = a**2 + 9*a + 3. Let w(i) = 6*c(i) + 5*p(i). Let j be w(-7). What is the greatest common factor of j and 95?
19
Suppose -4*y - 89 = -p, 4*y = 3*p - 44 - 207. Suppose -10*z + 9 = -p. Calculate the highest common factor of z and 81.
9
Let i(m) = 106*m - 953. Let s be i(9). Suppose 0 = 4*t + 8 